{"id":811,"date":"2025-05-15T16:05:43","date_gmt":"2025-05-15T14:05:43","guid":{"rendered":"https:\/\/order.openpos.tech\/ciaociaodeli\/produkt\/casareccia\/"},"modified":"2026-04-12T19:22:19","modified_gmt":"2026-04-12T17:22:19","slug":"casareccia","status":"publish","type":"product","link":"https:\/\/order.openpos.tech\/ciaociaodeli\/produkt\/casareccia\/","title":{"rendered":"Casareccia"},"content":{"rendered":"<p>(Mammas pizza) Ost, aubergine, k\u00f6ttf\u00e4rs, tomater, f\u00e5rost, rucola<\/p>\n","protected":false},"excerpt":{"rendered":"<p>(Mammas pizza) Ost, aubergine, k\u00f6ttf\u00e4rs, tomater, f\u00e5rost, rucola<\/p>\n","protected":false},"featured_media":0,"comment_status":"closed","ping_status":"closed","template":"","meta":[],"product_brand":[],"product_cat":[35],"product_tag":[],"class_list":{"0":"post-811","1":"product","2":"type-product","3":"status-publish","5":"product_cat-carne","7":"first","8":"instock","9":"shipping-taxable","10":"purchasable","11":"product-type-simple"},"_links":{"self":[{"href":"https:\/\/order.openpos.tech\/ciaociaodeli\/wp-json\/wp\/v2\/product\/811","targetHints":{"allow":["GET"]}}],"collection":[{"href":"https:\/\/order.openpos.tech\/ciaociaodeli\/wp-json\/wp\/v2\/product"}],"about":[{"href":"https:\/\/order.openpos.tech\/ciaociaodeli\/wp-json\/wp\/v2\/types\/product"}],"replies":[{"embeddable":true,"href":"https:\/\/order.openpos.tech\/ciaociaodeli\/wp-json\/wp\/v2\/comments?post=811"}],"wp:attachment":[{"href":"https:\/\/order.openpos.tech\/ciaociaodeli\/wp-json\/wp\/v2\/media?parent=811"}],"wp:term":[{"taxonomy":"product_brand","embeddable":true,"href":"https:\/\/order.openpos.tech\/ciaociaodeli\/wp-json\/wp\/v2\/product_brand?post=811"},{"taxonomy":"product_cat","embeddable":true,"href":"https:\/\/order.openpos.tech\/ciaociaodeli\/wp-json\/wp\/v2\/product_cat?post=811"},{"taxonomy":"product_tag","embeddable":true,"href":"https:\/\/order.openpos.tech\/ciaociaodeli\/wp-json\/wp\/v2\/product_tag?post=811"}],"curies":[{"name":"wp","href":"https:\/\/api.w.org\/{rel}","templated":true}]}}